{"id":6236,"date":"2017-10-23T08:03:16","date_gmt":"2017-10-23T08:03:16","guid":{"rendered":"http:\/\/ld-wp.template-help.com\/wordpress_bemedical\/v3\/beclinic\/?page_id=6236"},"modified":"2018-05-29T22:44:16","modified_gmt":"2018-05-30T01:44:16","slug":"politicas","status":"publish","type":"page","link":"https:\/\/dev.laboratoriogontijo.com.br\/bckp\/politicas\/","title":{"rendered":"Pol\u00edticas de Privacidade"},"content":{"rendered":"\t\t<div data-elementor-type=\"wp-post\" data-elementor-id=\"6236\" class=\"elementor elementor-6236 elementor-bc-flex-widget\" data-elementor-settings=\"[]\">\n\t\t\t\t\t\t<div class=\"elementor-inner\">\n\t\t\t\t\t\t\t<div class=\"elementor-section-wrap\">\n\t\t\t\t\t\t\t<section class=\"elementor-section elementor-top-section elementor-element elementor-element-40d242aa elementor-section-boxed elementor-section-height-default elementor-section-height-default\" data-id=\"40d242aa\" data-element_type=\"section\" data-settings=\"{&quot;jet_parallax_layout_list&quot;:[{&quot;jet_parallax_layout_image&quot;:{&quot;url&quot;:&quot;&quot;,&quot;id&quot;:&quot;&quot;},&quot;_id&quot;:&quot;5c1a806&quot;,&quot;jet_parallax_layout_speed&quot;:{&quot;unit&quot;:&quot;%&quot;,&quot;size&quot;:50,&quot;sizes&quot;:[]},&quot;jet_parallax_layout_type&quot;:&quot;scroll&quot;,&quot;jet_parallax_layout_z_index&quot;:&quot;&quot;,&quot;jet_parallax_layout_bg_x&quot;:50,&quot;jet_parallax_layout_bg_y&quot;:50,&quot;jet_parallax_layout_bg_size&quot;:&quot;auto&quot;,&quot;jet_parallax_layout_animation_prop&quot;:&quot;transform&quot;,&quot;jet_parallax_layout_image_tablet&quot;:{&quot;url&quot;:&quot;&quot;,&quot;id&quot;:&quot;&quot;},&quot;jet_parallax_layout_image_mobile&quot;:{&quot;url&quot;:&quot;&quot;,&quot;id&quot;:&quot;&quot;},&quot;jet_parallax_layout_direction&quot;:null,&quot;jet_parallax_layout_fx_direction&quot;:null,&quot;jet_parallax_layout_bg_x_tablet&quot;:&quot;&quot;,&quot;jet_parallax_layout_bg_x_mobile&quot;:&quot;&quot;,&quot;jet_parallax_layout_bg_y_tablet&quot;:&quot;&quot;,&quot;jet_parallax_layout_bg_y_mobile&quot;:&quot;&quot;,&quot;jet_parallax_layout_bg_size_tablet&quot;:&quot;&quot;,&quot;jet_parallax_layout_bg_size_mobile&quot;:&quot;&quot;,&quot;jet_parallax_layout_on&quot;:[&quot;desktop&quot;,&quot;tablet&quot;]}]}\">\n\t\t\t\t\t\t<div class=\"elementor-container elementor-column-gap-default\">\n\t\t\t\t\t\t\t<div class=\"elementor-row\">\n\t\t\t\t\t<div class=\"elementor-column elementor-col-100 elementor-top-column elementor-element elementor-element-76412dee\" data-id=\"76412dee\" data-element_type=\"column\">\n\t\t\t<div class=\"elementor-column-wrap elementor-element-populated\">\n\t\t\t\t\t\t\t<div class=\"elementor-widget-wrap\">\n\t\t\t\t\t\t<div class=\"elementor-element elementor-element-427d7f2 elementor-widget elementor-widget-heading\" data-id=\"427d7f2\" data-element_type=\"widget\" data-widget_type=\"heading.default\">\n\t\t\t\t<div class=\"elementor-widget-container\">\n\t\t\t<h2 class=\"elementor-heading-title elementor-size-default\">Pol\u00edticas de Privacidade <\/h2>\t\t<\/div>\n\t\t\t\t<\/div>\n\t\t\t\t<div class=\"elementor-element elementor-element-2dbd7b25 elementor-widget elementor-widget-text-editor\" data-id=\"2dbd7b25\" data-element_type=\"widget\" data-widget_type=\"text-editor.default\">\n\t\t\t\t<div class=\"elementor-widget-container\">\n\t\t\t\t\t\t\t\t<div class=\"elementor-text-editor elementor-clearfix\">\n\t\t\t\t<h5>Esta p\u00e1gina informa sobre as nossas pol\u00edticas relativas \u00e0 coleta, uso e divulga\u00e7\u00e3o de informa\u00e7\u00f5es pessoais que recebemos dos usu\u00e1rios do site.<\/h5><p>Usamos suas informa\u00e7\u00f5es pessoais apenas para fornecer e melhorar o site. Ao utilizar o nosso site, voc\u00ea concorda com a coleta e uso de informa\u00e7\u00f5es de acordo com esta pol\u00edtica.<\/p><h5><strong>Quem Somos<\/strong><\/h5><p>Somos uma empresa situada na cidade de Eun\u00e1polis, Bahia, conforme endere\u00e7o e telefones no <a href=\"https:\/\/dev.laboratoriogontijo.com.br\/bckp\/fale-conosco\/\" target=\"_blank\" rel=\"noopener\">Fale Conosco<\/a>,\u00a0o\u00a0endere\u00e7o do nosso site \u00e9: <a href=\"https:\/\/dev.laboratoriogontijo.com.br\/bckp.\" target=\"_blank\" rel=\"noopener\">https:\/\/dev.laboratoriogontijo.com.br\/bckp.<\/a><\/p><h5><strong>Coleta e Uso de Informa\u00e7\u00f5es<\/strong><\/h5><p>Quando os visitantes deixam coment\u00e1rios no site, coletamos os dados mostrados no formul\u00e1rio de coment\u00e1rios, al\u00e9m do endere\u00e7o de IP e de dados do navegador do visitante, para auxiliar na detec\u00e7\u00e3o de spam.<\/p><p>Uma sequ\u00eancia anonimizada de caracteres criada a partir do seu e-mail (tamb\u00e9m chamada de hash) poder\u00e1 ser enviada para o Gravatar para verificar se voc\u00ea usa o servi\u00e7o. A pol\u00edtica de privacidade do Gravatar est\u00e1 dispon\u00edvel aqui: <a href=\"https:\/\/automattic.com\/privacy\/.\" target=\"_blank\" rel=\"noopener\">https:\/\/automattic.com\/privacy\/.<\/a> Depois da aprova\u00e7\u00e3o do seu coment\u00e1rio, a foto do seu perfil fica vis\u00edvel publicamente junto de seu coment\u00e1rio.<\/p><p>Ao usar nosso Site, podemos solicitar que voc\u00ea nos forne\u00e7a algumas informa\u00e7\u00f5es pessoais identific\u00e1veis \u200b\u200bque podem ser usadas para contat\u00e1-lo ou identific\u00e1-lo. Informa\u00e7\u00f5es pessoais identific\u00e1veis \u200b\u200bpodem incluir, mas n\u00e3o est\u00e3o limitadas a: seu nome; Informa\u00e7\u00e3o pessoal; Dados de Log. Como muitos operadores de sites, coletamos informa\u00e7\u00f5es que seu navegador envia sempre que voc\u00ea visita nosso Site.<\/p><h5><strong>Dados de Log<\/strong><\/h5><p>Esses dados de registro podem incluir informa\u00e7\u00f5es como o endere\u00e7o IP e protocolo da Internet do seu computador; tipo de navegador; vers\u00e3o do navegador; as p\u00e1ginas do nosso site que voc\u00ea visita; a hora e a data da sua visita; o tempo gasto nessas p\u00e1ginas e outras estat\u00edsticas. Al\u00e9m disso, podemos usar servi\u00e7os de terceiros, como o<a href=\"https:\/\/www.google.com\/analytics\/\" target=\"_blank\" rel=\"noopener\"> Google Analytics<\/a>, que coletam, monitoram e analisam isso &#8230; A se\u00e7\u00e3o Dados do registro \u00e9 para empresas que usam servi\u00e7os de an\u00e1lise ou rastreamento em sites ou aplicativos, como o Google Analytics.<\/p><h5><strong>Comunica\u00e7\u00f5es<\/strong><\/h5><p>Podemos usar suas informa\u00e7\u00f5es pessoais que foram disponibilizadas no formul\u00e1rio do <a href=\"https:\/\/dev.laboratoriogontijo.com.br\/bckp\/fale-conosco\/\" target=\"_blank\" rel=\"noopener\">Fale Conosco<\/a>\u00a0e no Newsletter\u00a0para contat\u00e1-lo com boletins informativos; materiais de marketing ou promocionais e outras informa\u00e7\u00f5es. Para isso foi utilizado o <a href=\"https:\/\/br.wordpress.org\/plugins\/contact-form-7\/\" target=\"_blank\" rel=\"noopener\">Contact Form 7<\/a> com auxilio do\u00a0<a href=\"https:\/\/www.google.com\/recaptcha\/intro\/v3beta.html#\" target=\"_blank\" rel=\"noopener\">reCAPTCHA<\/a> que \u00e9 um servi\u00e7o gratuito para proteger o site de spam e abusos.<\/p><h5><strong>Cookies<\/strong><\/h5><p>Ao deixar um coment\u00e1rio no site, voc\u00ea poder\u00e1 optar por salvar seu nome, e-mail e site nos cookies. Isso visa seu conforto, assim voc\u00ea n\u00e3o precisar\u00e1 preencher seus dados novamente quando fizer outro coment\u00e1rio. Estes cookies duram um ano.<\/p><p>Cookies s\u00e3o arquivos com pequena quantidade de dados, que podem incluir um identificador exclusivo an\u00f4nimo. Os cookies s\u00e3o enviados para o seu navegador a partir de um site e armazenados no disco r\u00edgido do seu computador. Como muitos sites, usamos &#8220;cookies&#8221; para coletar informa\u00e7\u00f5es. Voc\u00ea pode instruir seu navegador a recusar todos os cookies ou indicar quando um cookie est\u00e1 sendo enviado. Entretanto, se voc\u00ea n\u00e3o aceitar cookies, talvez n\u00e3o consiga usar algumas partes. do nosso site.<\/p><h5><strong>Seguran\u00e7a<\/strong><\/h5><p>A seguran\u00e7a de suas Informa\u00e7\u00f5es Pessoais \u00e9 importante para n\u00f3s, mas lembre-se de que nenhum m\u00e9todo de transmiss\u00e3o pela Internet ou m\u00e9todo de armazenamento eletr\u00f4nico \u00e9 100% seguro. Embora nos esforcemos para usar meios comercialmente aceit\u00e1veis \u200b\u200bpara proteger suas informa\u00e7\u00f5es pessoais, n\u00e3o podemos garantir sua seguran\u00e7a absoluta devido \u00e0 natureza do processo.<\/p><h5><strong>Altera\u00e7\u00f5es a esta pol\u00edtica de privacidade<\/strong><\/h5><p>Esta Pol\u00edtica de Privacidade entrar\u00e1 em vigor em 30 de maio de 2018 e permanecer\u00e1 em vigor, exceto no que diz respeito a quaisquer altera\u00e7\u00f5es em suas disposi\u00e7\u00f5es no futuro, que entrar\u00e3o em vigor imediatamente ap\u00f3s serem publicadas nesta p\u00e1gina.<\/p><p>Reservamo-nos o direito de atualizar ou alterar nossa Pol\u00edtica de Privacidade a qualquer momento e voc\u00ea deve verificar esta Pol\u00edtica de Privacidade periodicamente. Seu uso continuado do Servi\u00e7o depois de postarmos quaisquer modifica\u00e7\u00f5es na Pol\u00edtica de Privacidade nesta p\u00e1gina constituir\u00e1 seu reconhecimento das modifica\u00e7\u00f5es e seu consentimento em respeitar e estar vinculado \u00e0 Pol\u00edtica de Privacidade modificada.<\/p><p>Se fizermos quaisquer altera\u00e7\u00f5es significativas a esta Pol\u00edtica de Privacidade, iremos notific\u00e1-lo atrav\u00e9s do endere\u00e7o de e-mail que voc\u00ea nos forneceu, ou colocando um aviso destacado em nosso Site.<\/p><h5>Contate-nos<\/h5><p>Se voc\u00ea tiver alguma d\u00favida sobre esta Pol\u00edtica de Privacidade, entre em <a href=\"https:\/\/dev.laboratoriogontijo.com.br\/bckp\/fale-conosco\/\" target=\"_blank\" rel=\"noopener\">contato conosco<\/a>!<\/p>\t\t\t\t\t<\/div>\n\t\t\t\t\t\t<\/div>\n\t\t\t\t<\/div>\n\t\t\t\t\t\t<\/div>\n\t\t\t\t\t<\/div>\n\t\t<\/div>\n\t\t\t\t\t\t\t\t<\/div>\n\t\t\t\t\t<\/div>\n\t\t<\/section>\n\t\t\t\t\t\t<\/div>\n\t\t\t\t\t\t<\/div>\n\t\t\t\t\t<\/div>\n\t\t","protected":false},"excerpt":{"rendered":"<p>Pol\u00edticas de Privacidade Esta p\u00e1gina informa sobre as nossas pol\u00edticas relativas \u00e0 coleta, uso e divulga\u00e7\u00e3o de informa\u00e7\u00f5es pessoais que recebemos dos usu\u00e1rios do site. Usamos suas informa\u00e7\u00f5es pessoais apenas para fornecer e melhorar o site. Ao utilizar o nosso site, voc\u00ea concorda com a coleta e uso de informa\u00e7\u00f5es de acordo com esta pol\u00edtica. &hellip;<\/p>\n","protected":false},"author":1,"featured_media":0,"parent":0,"menu_order":7,"comment_status":"closed","ping_status":"closed","template":"","meta":[],"_links":{"self":[{"href":"https:\/\/dev.laboratoriogontijo.com.br\/bckp\/wp-json\/wp\/v2\/pages\/6236"}],"collection":[{"href":"https:\/\/dev.laboratoriogontijo.com.br\/bckp\/wp-json\/wp\/v2\/pages"}],"about":[{"href":"https:\/\/dev.laboratoriogontijo.com.br\/bckp\/wp-json\/wp\/v2\/types\/page"}],"author":[{"embeddable":true,"href":"https:\/\/dev.laboratoriogontijo.com.br\/bckp\/wp-json\/wp\/v2\/users\/1"}],"replies":[{"embeddable":true,"href":"https:\/\/dev.laboratoriogontijo.com.br\/bckp\/wp-json\/wp\/v2\/comments?post=6236"}],"version-history":[{"count":0,"href":"https:\/\/dev.laboratoriogontijo.com.br\/bckp\/wp-json\/wp\/v2\/pages\/6236\/revisions"}],"wp:attachment":[{"href":"https:\/\/dev.laboratoriogontijo.com.br\/bckp\/wp-json\/wp\/v2\/media?parent=6236"}],"curies":[{"name":"wp","href":"https:\/\/api.w.org\/{rel}","templated":true}]}}